{"id":5496,"date":"2025-11-19T14:25:10","date_gmt":"2025-11-19T13:25:10","guid":{"rendered":"https:\/\/www.quorum-groupe.fr\/?page_id=5496"},"modified":"2026-01-08T12:56:42","modified_gmt":"2026-01-08T11:56:42","slug":"edition","status":"publish","type":"page","link":"https:\/\/www.quorum-groupe.fr\/?page_id=5496","title":{"rendered":"\u00c9dition"},"content":{"rendered":"\t\t<div data-elementor-type=\"wp-page\" data-elementor-id=\"5496\" class=\"elementor elementor-5496\">\n\t\t\t\t\t\t<section class=\"elementor-section elementor-top-section elementor-element elementor-element-2a787c4 elementor-section-content-middle elementor-section-full_width elementor-section-height-default elementor-section-height-default\" data-id=\"2a787c4\" data-element_type=\"section\" data-e-type=\"section\" data-settings=\"{&quot;background_background&quot;:&quot;classic&quot;}\">\n\t\t\t\t\t\t<div class=\"elementor-container elementor-column-gap-default\">\n\t\t\t\t\t<div class=\"elementor-column elementor-col-50 elementor-top-column elementor-element elementor-element-783a36b\" data-id=\"783a36b\" data-element_type=\"column\" data-e-type=\"column\">\n\t\t\t<div class=\"elementor-widget-wrap elementor-element-populated\">\n\t\t\t\t\t\t<div class=\"elementor-element elementor-element-817661a elementor-widget elementor-widget-heading\" data-id=\"817661a\" data-element_type=\"widget\" data-e-type=\"widget\" data-widget_type=\"heading.default\">\n\t\t\t\t\t<h2 class=\"elementor-heading-title elementor-size-default\">\u00c9DITION<\/h2>\t\t\t\t<\/div>\n\t\t\t\t<div class=\"elementor-element elementor-element-d1d0285 elementor-widget__width-inherit elementor-widget elementor-widget-text-editor\" data-id=\"d1d0285\" data-element_type=\"widget\" data-e-type=\"widget\" data-widget_type=\"text-editor.default\">\n\t\t\t\t\t\t\t\t\tVos messages sublim\u00e9s. \t\t\t\t\t\t\t\t<\/div>\n\t\t\t\t\t<\/div>\n\t\t<\/div>\n\t\t\t\t<div class=\"elementor-column elementor-col-50 elementor-top-column elementor-element elementor-element-c92f413\" data-id=\"c92f413\" data-element_type=\"column\" data-e-type=\"column\">\n\t\t\t<div class=\"elementor-widget-wrap elementor-element-populated\">\n\t\t\t\t\t\t<div class=\"elementor-element elementor-element-d49a659 elementor-widget elementor-widget-image-carousel\" data-id=\"d49a659\" data-element_type=\"widget\" data-e-type=\"widget\" data-settings=\"{&quot;slides_to_show&quot;:&quot;3&quot;,&quot;slides_to_show_tablet&quot;:&quot;2&quot;,&quot;slides_to_show_mobile&quot;:&quot;2&quot;,&quot;slides_to_scroll&quot;:&quot;1&quot;,&quot;navigation&quot;:&quot;none&quot;,&quot;speed&quot;:3000,&quot;autoplay&quot;:&quot;yes&quot;,&quot;autoplay_speed&quot;:5000,&quot;infinite&quot;:&quot;yes&quot;,&quot;image_spacing_custom&quot;:{&quot;unit&quot;:&quot;px&quot;,&quot;size&quot;:20,&quot;sizes&quot;:[]},&quot;image_spacing_custom_tablet&quot;:{&quot;unit&quot;:&quot;px&quot;,&quot;size&quot;:&quot;&quot;,&quot;sizes&quot;:[]},&quot;image_spacing_custom_mobile&quot;:{&quot;unit&quot;:&quot;px&quot;,&quot;size&quot;:&quot;&quot;,&quot;sizes&quot;:[]}}\" data-widget_type=\"image-carousel.default\">\n\t\t\t\t\t\t\t<div class=\"elementor-image-carousel-wrapper swiper\" role=\"region\" aria-roledescription=\"carousel\" aria-label=\"Carrousel d\u2019images\" dir=\"ltr\">\n\t\t\t<div class=\"elementor-image-carousel swiper-wrapper\" aria-live=\"off\">\n\t\t\t\t\t\t\t\t<div class=\"swiper-slide\" role=\"group\" aria-roledescription=\"slide\" aria-label=\"1 sur 4\"><figure class=\"swiper-slide-inner\"><img decoding=\"async\" class=\"swiper-slide-image\" src=\"https:\/\/www.quorum-groupe.fr\/wp-content\/uploads\/2025\/11\/g694709e241e4c464e3f551f50934090df8ce00c402eac80994cf6d06478878c28cef5a1ceb0459b7ae41d00bed6c59dd_1280-357293-e1764108253917.jpg\" alt=\"a book, pages, literature, read, paper, book page\" \/><\/figure><\/div><div class=\"swiper-slide\" role=\"group\" aria-roledescription=\"slide\" aria-label=\"2 sur 4\"><figure class=\"swiper-slide-inner\"><img decoding=\"async\" class=\"swiper-slide-image\" src=\"https:\/\/www.quorum-groupe.fr\/wp-content\/uploads\/2025\/11\/g35c8933d20184ced2a35be1a73b377c955cc5716d4d93485558918ee6338f6452982f427b7d4a1da381424b6164d38fe_1280-705667-e1764108181279.jpg\" alt=\"writing, lead set, letterpress, gutenberg, letters, brief, case, typography, high pressure, set of quantities, rows, set, words, language, writing, words, words, words, language, language, language, language, language\" \/><\/figure><\/div><div class=\"swiper-slide\" role=\"group\" aria-roledescription=\"slide\" aria-label=\"3 sur 4\"><figure class=\"swiper-slide-inner\"><img decoding=\"async\" class=\"swiper-slide-image\" src=\"https:\/\/www.quorum-groupe.fr\/wp-content\/uploads\/2025\/11\/pexels-photo-8837246-8837246-scaled-e1764108272386.jpg\" alt=\"A person writes notes in an office setting with a laptop, magazine, and notepad.\" \/><\/figure><\/div><div class=\"swiper-slide\" role=\"group\" aria-roledescription=\"slide\" aria-label=\"4 sur 4\"><figure class=\"swiper-slide-inner\"><img decoding=\"async\" class=\"swiper-slide-image\" src=\"https:\/\/www.quorum-groupe.fr\/wp-content\/uploads\/2025\/11\/pexels-photo-7648305-7648305-scaled-e1764108092985.jpg\" alt=\"A professional holding a conference program brochure, ready for event attendees.\" \/><\/figure><\/div>\t\t\t<\/div>\n\t\t\t\t\t\t\t\n\t\t\t\t\t\t\t\t\t<\/div>\n\t\t\t\t\t\t<\/div>\n\t\t\t\t\t<\/div>\n\t\t<\/div>\n\t\t\t\t\t<\/div>\n\t\t<\/section>\n\t\t<div class=\"elementor-element elementor-element-23797cb e-con-full all-cards e-flex e-con e-parent\" data-id=\"23797cb\" data-element_type=\"container\" data-e-type=\"container\">\n\t\t<div class=\"elementor-element elementor-element-52d82c8 e-con-full card1 e-flex e-con e-child\" data-id=\"52d82c8\" data-element_type=\"container\" data-e-type=\"container\" data-settings=\"{&quot;background_background&quot;:&quot;classic&quot;}\">\n\t\t<div class=\"elementor-element elementor-element-8832eff e-con-full e-flex e-con e-child\" data-id=\"8832eff\" data-element_type=\"container\" data-e-type=\"container\">\n\t\t\t\t<div class=\"elementor-element elementor-element-094111a elementor-widget__width-initial elementor-widget elementor-widget-heading\" data-id=\"094111a\" data-element_type=\"widget\" data-e-type=\"widget\" data-widget_type=\"heading.default\">\n\t\t\t\t\t<h2 class=\"elementor-heading-title elementor-size-default\">LA CONCEPTION DE MAQUETTES<\/h2>\t\t\t\t<\/div>\n\t\t\t\t<div class=\"elementor-element elementor-element-50a91fa elementor-widget elementor-widget-text-editor\" data-id=\"50a91fa\" data-element_type=\"widget\" data-e-type=\"widget\" data-widget_type=\"text-editor.default\">\n\t\t\t\t\t\t\t\t\tCes supports nous aident \u00e0 visualiser le rendu final, \u00e0 ajuster les d\u00e9tails essentiels et \u00e0 nous assurer que le r\u00e9sultat corresponde parfaitement aux attentes du client avant de mettre en production. Qu\u2019il s\u2019agisse de packaging, de supports \u00e9ditoriaux ou de produits manufactur\u00e9s, la maquette, aussi appel\u00e9 mock-up, devient pour nous un outil de validation indispensable pour garantir que chaque \u00e9l\u00e9ment refl\u00e8te fid\u00e8lement la demande et les objectifs du client. \t\t\t\t\t\t\t\t<\/div>\n\t\t\t\t<div class=\"elementor-element elementor-element-81526bd elementor-align-left elementor-button-info elementor-widget elementor-widget-button\" data-id=\"81526bd\" data-element_type=\"widget\" data-e-type=\"widget\" data-settings=\"{&quot;_animation&quot;:&quot;none&quot;}\" data-widget_type=\"button.default\">\n\t\t\t\t\t\t\t\t\t\t<a class=\"elementor-button elementor-button-link elementor-size-sm\" href=\"https:\/\/www.quorum-groupe.fr\/?page_id=47\">\n\t\t\t\t\t\t<span class=\"elementor-button-content-wrapper\">\n\t\t\t\t\t\t\t\t\t<span class=\"elementor-button-text\">NOUS CONTACTER<\/span>\n\t\t\t\t\t<\/span>\n\t\t\t\t\t<\/a>\n\t\t\t\t\t\t\t\t<\/div>\n\t\t\t\t<\/div>\n\t\t<div class=\"elementor-element elementor-element-1f50486 e-con-full e-flex e-con e-child\" data-id=\"1f50486\" data-element_type=\"container\" data-e-type=\"container\" data-settings=\"{&quot;background_background&quot;:&quot;classic&quot;}\">\n\t\t\t\t<\/div>\n\t\t\t\t<\/div>\n\t\t<div class=\"elementor-element elementor-element-45f9e0b e-con-full card2 e-flex e-con e-child\" data-id=\"45f9e0b\" data-element_type=\"container\" data-e-type=\"container\" data-settings=\"{&quot;background_background&quot;:&quot;classic&quot;}\">\n\t\t<div class=\"elementor-element elementor-element-a90443e e-con-full e-flex e-con e-child\" data-id=\"a90443e\" data-element_type=\"container\" data-e-type=\"container\">\n\t\t\t\t<div class=\"elementor-element elementor-element-7e6e712 elementor-widget__width-initial elementor-widget elementor-widget-heading\" data-id=\"7e6e712\" data-element_type=\"widget\" data-e-type=\"widget\" data-widget_type=\"heading.default\">\n\t\t\t\t\t<h2 class=\"elementor-heading-title elementor-size-default\">LES \u00c9TUDES TYPOGRAPHIQUES<\/h2>\t\t\t\t<\/div>\n\t\t\t\t<div class=\"elementor-element elementor-element-421c2f2 elementor-widget elementor-widget-text-editor\" data-id=\"421c2f2\" data-element_type=\"widget\" data-e-type=\"widget\" data-widget_type=\"text-editor.default\">\n\t\t\t\t\t\t\t\t\tDans nos projets, les \u00e9tudes typographiques jouent un r\u00f4le cl\u00e9 pour garantir la clart\u00e9 et l\u2019impact de chaque support. Elles nous permettent de choisir et d\u2019ajuster les polices, les espacements et la hi\u00e9rarchie visuelle afin que le rendu soit lisible, coh\u00e9rent et fid\u00e8le \u00e0 l\u2019identit\u00e9 de la marque. Cette \u00e9tape nous assure de livrer \u00e0 nos clients des supports professionnels o\u00f9 chaque \u00e9l\u00e9ment texte communique correctement, renforce le message et maximise l\u2019attractivit\u00e9 du projet, tout en \u00e9vitant les incoh\u00e9rences ou les probl\u00e8mes de lisibilit\u00e9. \t\t\t\t\t\t\t\t<\/div>\n\t\t\t\t<div class=\"elementor-element elementor-element-5f8dbd8 elementor-align-left elementor-button-info elementor-widget elementor-widget-button\" data-id=\"5f8dbd8\" data-element_type=\"widget\" data-e-type=\"widget\" data-settings=\"{&quot;_animation&quot;:&quot;none&quot;}\" data-widget_type=\"button.default\">\n\t\t\t\t\t\t\t\t\t\t<a class=\"elementor-button elementor-button-link elementor-size-sm\" href=\"https:\/\/www.quorum-groupe.fr\/?page_id=47\">\n\t\t\t\t\t\t<span class=\"elementor-button-content-wrapper\">\n\t\t\t\t\t\t\t\t\t<span class=\"elementor-button-text\">NOUS CONTACTER<\/span>\n\t\t\t\t\t<\/span>\n\t\t\t\t\t<\/a>\n\t\t\t\t\t\t\t\t<\/div>\n\t\t\t\t<\/div>\n\t\t<div class=\"elementor-element elementor-element-f690734 e-con-full e-flex e-con e-child\" data-id=\"f690734\" data-element_type=\"container\" data-e-type=\"container\" data-settings=\"{&quot;background_background&quot;:&quot;classic&quot;}\">\n\t\t\t\t<\/div>\n\t\t\t\t<\/div>\n\t\t<div class=\"elementor-element elementor-element-4672258 e-con-full card3 e-flex e-con e-child\" data-id=\"4672258\" data-element_type=\"container\" data-e-type=\"container\" data-settings=\"{&quot;background_background&quot;:&quot;classic&quot;}\">\n\t\t<div class=\"elementor-element elementor-element-5ab0b1d e-con-full e-flex e-con e-child\" data-id=\"5ab0b1d\" data-element_type=\"container\" data-e-type=\"container\">\n\t\t\t\t<div class=\"elementor-element elementor-element-303c8c5 elementor-widget__width-initial elementor-widget elementor-widget-heading\" data-id=\"303c8c5\" data-element_type=\"widget\" data-e-type=\"widget\" data-widget_type=\"heading.default\">\n\t\t\t\t\t<h2 class=\"elementor-heading-title elementor-size-default\">LA MISE EN PAGE<\/h2>\t\t\t\t<\/div>\n\t\t\t\t<div class=\"elementor-element elementor-element-a6d2c19 elementor-widget elementor-widget-text-editor\" data-id=\"a6d2c19\" data-element_type=\"widget\" data-e-type=\"widget\" data-widget_type=\"text-editor.default\">\n\t\t\t\t\t\t\t\t\tLes mises en pages nous permettent d\u2019organiser et de structurer le contenu de mani\u00e8re claire et harmonieuse, tout en respectant l\u2019identit\u00e9 visuelle et les objectifs du client. Elles nous donnent la possibilit\u00e9 de v\u00e9rifier que chaque \u00e9l\u00e9ment graphique et textuel trouve sa place et communique efficacement le message souhait\u00e9. Cette \u00e9tape nous aide \u00e0 anticiper les ajustements n\u00e9cessaires et \u00e0 garantir que le rendu final soit \u00e0 la hauteur des attentes, en offrant un support lisible, coh\u00e9rent et visuellement impactant.\t\t\t\t\t\t\t\t<\/div>\n\t\t\t\t<div class=\"elementor-element elementor-element-ffcf8b9 elementor-align-left elementor-button-info elementor-widget elementor-widget-button\" data-id=\"ffcf8b9\" data-element_type=\"widget\" data-e-type=\"widget\" data-settings=\"{&quot;_animation&quot;:&quot;none&quot;}\" data-widget_type=\"button.default\">\n\t\t\t\t\t\t\t\t\t\t<a class=\"elementor-button elementor-button-link elementor-size-sm\" href=\"https:\/\/www.quorum-groupe.fr\/?page_id=47\">\n\t\t\t\t\t\t<span class=\"elementor-button-content-wrapper\">\n\t\t\t\t\t\t\t\t\t<span class=\"elementor-button-text\">NOUS CONTACTER<\/span>\n\t\t\t\t\t<\/span>\n\t\t\t\t\t<\/a>\n\t\t\t\t\t\t\t\t<\/div>\n\t\t\t\t<\/div>\n\t\t<div class=\"elementor-element elementor-element-1bdc751 e-con-full e-flex e-con e-child\" data-id=\"1bdc751\" data-element_type=\"container\" data-e-type=\"container\" data-settings=\"{&quot;background_background&quot;:&quot;classic&quot;}\">\n\t\t\t\t<\/div>\n\t\t\t\t<\/div>\n\t\t\t\t<\/div>\n\t\t<div class=\"elementor-element elementor-element-0428b4c e-con-full e-flex e-con e-parent\" data-id=\"0428b4c\" data-element_type=\"container\" data-e-type=\"container\" data-settings=\"{&quot;background_background&quot;:&quot;classic&quot;,&quot;animation&quot;:&quot;none&quot;}\">\n\t\t\t\t<div class=\"elementor-element elementor-element-08c9bcf elementor-widget__width-inherit elementor-widget-divider--view-line elementor-widget elementor-widget-divider\" data-id=\"08c9bcf\" data-element_type=\"widget\" data-e-type=\"widget\" data-settings=\"{&quot;_animation&quot;:&quot;none&quot;}\" data-widget_type=\"divider.default\">\n\t\t\t\t\t\t\t<div class=\"elementor-divider\">\n\t\t\t<span class=\"elementor-divider-separator\">\n\t\t\t\t\t\t<\/span>\n\t\t<\/div>\n\t\t\t\t\t\t<\/div>\n\t\t\t\t<\/div>\n\t\t<div class=\"elementor-element elementor-element-1907b90 e-con-full e-flex e-con e-parent\" data-id=\"1907b90\" data-element_type=\"container\" data-e-type=\"container\" data-settings=\"{&quot;background_background&quot;:&quot;classic&quot;,&quot;animation&quot;:&quot;none&quot;}\">\n\t\t\t\t<div class=\"elementor-element elementor-element-882d820 elementor-widget-mobile__width-inherit elementor-invisible elementor-widget elementor-widget-heading\" data-id=\"882d820\" data-element_type=\"widget\" data-e-type=\"widget\" data-settings=\"{&quot;_animation&quot;:&quot;fadeInLeft&quot;}\" data-widget_type=\"heading.default\">\n\t\t\t\t\t<h2 class=\"elementor-heading-title elementor-size-default\">NOS AUTRES SOLUTIONS DE PRODUCTION GRAPHIQUE<\/h2>\t\t\t\t<\/div>\n\t\t\t\t<div class=\"elementor-element elementor-element-a95b587 elementor-widget__width-initial elementor-invisible elementor-widget elementor-widget-text-editor\" data-id=\"a95b587\" data-element_type=\"widget\" data-e-type=\"widget\" data-settings=\"{&quot;_animation&quot;:&quot;fadeInRight&quot;}\" data-widget_type=\"text-editor.default\">\n\t\t\t\t\t\t\t\t\tChoisissez celle qui vous convient. \t\t\t\t\t\t\t\t<\/div>\n\t\t\t\t<\/div>\n\t\t<div class=\"elementor-element elementor-element-7805b99 e-con-full e-flex e-con e-parent\" data-id=\"7805b99\" data-element_type=\"container\" data-e-type=\"container\" data-settings=\"{&quot;background_background&quot;:&quot;classic&quot;}\">\n\t\t<div class=\"elementor-element elementor-element-94bdb7e e-con-full e-flex e-con e-child\" data-id=\"94bdb7e\" data-element_type=\"container\" data-e-type=\"container\">\n\t\t\t\t<div class=\"elementor-element elementor-element-5d2a896 elementor-widget elementor-widget-image\" data-id=\"5d2a896\" data-element_type=\"widget\" data-e-type=\"widget\" data-widget_type=\"image.default\">\n\t\t\t\t\t\t\t\t\t\t\t\t\t\t\t\t<a href=\"https:\/\/www.quorum-groupe.fr\/?page_id=642\">\n\t\t\t\t\t\t\t<img fetchpriority=\"high\" decoding=\"async\" width=\"2560\" height=\"1707\" src=\"https:\/\/www.quorum-groupe.fr\/wp-content\/uploads\/2025\/11\/7980977-1-scaled.jpg\" class=\"elementor-animation-grow attachment-full size-full wp-image-5502\" alt=\"\" srcset=\"https:\/\/www.quorum-groupe.fr\/wp-content\/uploads\/2025\/11\/7980977-1-scaled.jpg 2560w, https:\/\/www.quorum-groupe.fr\/wp-content\/uploads\/2025\/11\/7980977-1-300x200.jpg 300w, https:\/\/www.quorum-groupe.fr\/wp-content\/uploads\/2025\/11\/7980977-1-1024x683.jpg 1024w, https:\/\/www.quorum-groupe.fr\/wp-content\/uploads\/2025\/11\/7980977-1-768x512.jpg 768w, https:\/\/www.quorum-groupe.fr\/wp-content\/uploads\/2025\/11\/7980977-1-1536x1024.jpg 1536w, https:\/\/www.quorum-groupe.fr\/wp-content\/uploads\/2025\/11\/7980977-1-2048x1365.jpg 2048w\" sizes=\"(max-width: 2560px) 100vw, 2560px\" \/>\t\t\t\t\t\t\t\t<\/a>\n\t\t\t\t\t\t\t\t\t\t\t\t\t\t\t<\/div>\n\t\t\t\t<div class=\"elementor-element elementor-element-18b1cda elementor-widget elementor-widget-text-editor\" data-id=\"18b1cda\" data-element_type=\"widget\" data-e-type=\"widget\" data-widget_type=\"text-editor.default\">\n\t\t\t\t\t\t\t\t\t<p>PACKAGING<\/p>\t\t\t\t\t\t\t\t<\/div>\n\t\t\t\t<\/div>\n\t\t<div class=\"elementor-element elementor-element-8c7c3b9 e-con-full e-flex e-con e-child\" data-id=\"8c7c3b9\" data-element_type=\"container\" data-e-type=\"container\">\n\t\t\t\t<div class=\"elementor-element elementor-element-abaa6c7 elementor-widget elementor-widget-image\" data-id=\"abaa6c7\" data-element_type=\"widget\" data-e-type=\"widget\" data-widget_type=\"image.default\">\n\t\t\t\t\t\t\t\t\t\t\t\t\t\t\t\t<a href=\"https:\/\/www.quorum-groupe.fr\/?page_id=5488\">\n\t\t\t\t\t\t\t<img decoding=\"async\" width=\"2000\" height=\"1353\" src=\"https:\/\/www.quorum-groupe.fr\/wp-content\/uploads\/2025\/11\/2150538724.jpg\" class=\"elementor-animation-grow attachment-full size-full wp-image-5505\" alt=\"\" srcset=\"https:\/\/www.quorum-groupe.fr\/wp-content\/uploads\/2025\/11\/2150538724.jpg 2000w, https:\/\/www.quorum-groupe.fr\/wp-content\/uploads\/2025\/11\/2150538724-300x203.jpg 300w, https:\/\/www.quorum-groupe.fr\/wp-content\/uploads\/2025\/11\/2150538724-1024x693.jpg 1024w, https:\/\/www.quorum-groupe.fr\/wp-content\/uploads\/2025\/11\/2150538724-768x520.jpg 768w, https:\/\/www.quorum-groupe.fr\/wp-content\/uploads\/2025\/11\/2150538724-1536x1039.jpg 1536w\" sizes=\"(max-width: 2000px) 100vw, 2000px\" \/>\t\t\t\t\t\t\t\t<\/a>\n\t\t\t\t\t\t\t\t\t\t\t\t\t\t\t<\/div>\n\t\t\t\t<div class=\"elementor-element elementor-element-a6b68f0 elementor-widget elementor-widget-text-editor\" data-id=\"a6b68f0\" data-element_type=\"widget\" data-e-type=\"widget\" data-widget_type=\"text-editor.default\">\n\t\t\t\t\t\t\t\t\t<p>PR\u00c9-PRESSE<\/p>\t\t\t\t\t\t\t\t<\/div>\n\t\t\t\t<\/div>\n\t\t\t\t<\/div>\n\t\t<div class=\"elementor-element elementor-element-046e657 e-con-full e-flex e-con e-parent\" data-id=\"046e657\" data-element_type=\"container\" data-e-type=\"container\" data-settings=\"{&quot;background_background&quot;:&quot;classic&quot;,&quot;animation&quot;:&quot;none&quot;}\">\n\t\t<div class=\"elementor-element elementor-element-00cdf7e e-con-full e-flex e-con e-child\" data-id=\"00cdf7e\" data-element_type=\"container\" data-e-type=\"container\">\n\t\t\t\t<div class=\"elementor-element elementor-element-bd224b7 elementor-widget elementor-widget-heading\" data-id=\"bd224b7\" data-element_type=\"widget\" data-e-type=\"widget\" data-settings=\"{&quot;_animation&quot;:&quot;none&quot;}\" data-widget_type=\"heading.default\">\n\t\t\t\t\t<h2 class=\"elementor-heading-title elementor-size-default\">Pensez \u00e0 la forme, mais \u00e9galement au fond de votre support.<\/h2>\t\t\t\t<\/div>\n\t\t\t\t<\/div>\n\t\t\t\t<div class=\"elementor-element elementor-element-55bd87d elementor-align-left elementor-button-info elementor-widget elementor-widget-button\" data-id=\"55bd87d\" data-element_type=\"widget\" data-e-type=\"widget\" data-settings=\"{&quot;_animation&quot;:&quot;none&quot;}\" data-widget_type=\"button.default\">\n\t\t\t\t\t\t\t\t\t\t<a class=\"elementor-button elementor-button-link elementor-size-sm\" href=\"https:\/\/www.quorum-groupe.fr\/?page_id=47\">\n\t\t\t\t\t\t<span class=\"elementor-button-content-wrapper\">\n\t\t\t\t\t\t\t\t\t<span class=\"elementor-button-text\">CONTACTER NOS \u00c9QUIPES<\/span>\n\t\t\t\t\t<\/span>\n\t\t\t\t\t<\/a>\n\t\t\t\t\t\t\t\t<\/div>\n\t\t\t\t<\/div>\n\t\t\t\t<\/div>\n\t\t","protected":false},"excerpt":{"rendered":"<p>\u00c9DITION Vos messages sublim\u00e9s. LA CONCEPTION DE MAQUETTES Ces supports nous aident \u00e0 visualiser le rendu final, \u00e0 ajuster les [&hellip;]<\/p>\n","protected":false},"author":3,"featured_media":0,"parent":0,"menu_order":0,"comment_status":"closed","ping_status":"closed","template":"","meta":{"site-sidebar-layout":"no-sidebar","site-content-layout":"","ast-site-content-layout":"full-width-container","site-content-style":"default","site-sidebar-style":"default","ast-global-header-display":"","ast-banner-title-visibility":"","ast-main-header-display":"","ast-hfb-above-header-display":"","ast-hfb-below-header-display":"","ast-hfb-mobile-header-display":"","site-post-title":"disabled","ast-breadcrumbs-content":"","ast-featured-img":"disabled","footer-sml-layout":"","ast-disable-related-posts":"","theme-transparent-header-meta":"","adv-header-id-meta":"","stick-header-meta":"","header-above-stick-meta":"","header-main-stick-meta":"","header-below-stick-meta":"","astra-migrate-meta-layouts":"default","ast-page-background-enabled":"default","ast-page-background-meta":{"desktop":{"background-color":"var(--ast-global-color-5)","background-image":"","background-repeat":"repeat","background-position":"center center","background-size":"auto","background-attachment":"scroll","background-type":"","background-media":"","overlay-type":"","overlay-color":"","overlay-opacity":"","overlay-gradient":""},"tablet":{"background-color":"","background-image":"","background-repeat":"repeat","background-position":"center center","background-size":"auto","background-attachment":"scroll","background-type":"","background-media":"","overlay-type":"","overlay-color":"","overlay-opacity":"","overlay-gradient":""},"mobile":{"background-color":"","background-image":"","background-repeat":"repeat","background-position":"center center","background-size":"auto","background-attachment":"scroll","background-type":"","background-media":"","overlay-type":"","overlay-color":"","overlay-opacity":"","overlay-gradient":""}},"ast-content-background-meta":{"desktop":{"background-color":"var(--ast-global-color-4)","background-image":"","background-repeat":"repeat","background-position":"center center","background-size":"auto","background-attachment":"scroll","background-type":"","background-media":"","overlay-type":"","overlay-color":"","overlay-opacity":"","overlay-gradient":""},"tablet":{"background-color":"var(--ast-global-color-4)","background-image":"","background-repeat":"repeat","background-position":"center center","background-size":"auto","background-attachment":"scroll","background-type":"","background-media":"","overlay-type":"","overlay-color":"","overlay-opacity":"","overlay-gradient":""},"mobile":{"background-color":"var(--ast-global-color-4)","background-image":"","background-repeat":"repeat","background-position":"center center","background-size":"auto","background-attachment":"scroll","background-type":"","background-media":"","overlay-type":"","overlay-color":"","overlay-opacity":"","overlay-gradient":""}},"footnotes":""},"class_list":["post-5496","page","type-page","status-publish","hentry"],"_links":{"self":[{"href":"https:\/\/www.quorum-groupe.fr\/index.php?rest_route=\/wp\/v2\/pages\/5496","targetHints":{"allow":["GET"]}}],"collection":[{"href":"https:\/\/www.quorum-groupe.fr\/index.php?rest_route=\/wp\/v2\/pages"}],"about":[{"href":"https:\/\/www.quorum-groupe.fr\/index.php?rest_route=\/wp\/v2\/types\/page"}],"author":[{"embeddable":true,"href":"https:\/\/www.quorum-groupe.fr\/index.php?rest_route=\/wp\/v2\/users\/3"}],"replies":[{"embeddable":true,"href":"https:\/\/www.quorum-groupe.fr\/index.php?rest_route=%2Fwp%2Fv2%2Fcomments&post=5496"}],"version-history":[{"count":130,"href":"https:\/\/www.quorum-groupe.fr\/index.php?rest_route=\/wp\/v2\/pages\/5496\/revisions"}],"predecessor-version":[{"id":8479,"href":"https:\/\/www.quorum-groupe.fr\/index.php?rest_route=\/wp\/v2\/pages\/5496\/revisions\/8479"}],"wp:attachment":[{"href":"https:\/\/www.quorum-groupe.fr\/index.php?rest_route=%2Fwp%2Fv2%2Fmedia&parent=5496"}],"curies":[{"name":"wp","href":"https:\/\/api.w.org\/{rel}","templated":true}]}}